+ 6. Suppose -u*f + 4 + 26 = 0. Suppose 4*q - f - 6 = 0. List the prime factors of q.
3
Let u(h) = h - 8. Let m be u(10). Suppose -43 = -n - 0*n + m*p, -4*n - p + 136 = 0. What are the prime factors of n?
5, 7
Let b(s) = s**2 - 9*s + 9. List the prime factors of b(10).
19
Let j be -1 + 1 - 6/2. Let o = j + 18. List the prime factors of o.
3, 5
Let l be ((-2)/(-6))/((-2)/(-24)). Let z be 18/((15/l)/5). Suppose -2*u + z = u. What are the prime factors of u?
2
Let x(c) = c - 6. Let d be x(6). Suppose v + 2*i + i - 61 = d, -5*v = -i - 225. List the prime factors of v.
2, 23
Suppose -b = 4*l + 3 + 2, 3*l = -b - 2. Let p = b - -21. What are the prime factors of p?
2, 7
Suppose 3*y + 2*s + 4 = 0, -8 = 3*s + 7. Suppose w + 2*w = 4*c + 41, -w - 5*c = -1. Suppose -w = n - y*n. List the prime factors of n.
11
Let j = 7 + -8. List the prime factors of 35/5 - (j - 1).
3
Let h(i) = i. What are the prime factors of h(8)?
2
Let o = -75 - -47. Let m = o + 42. What are the prime factors of m?
2, 7
List the prime factors of -122*(-3)/((-6)/(-1)).
61
Let w(b) = b**2 - 2*b - 2. Let j be w(-2). Suppose 2*z - 3*m = -2*z + 18, 3*m = -j. What are the prime factors of z?
3
Let q be 26/2 + 2/2. Let y = q + -4. List the prime factors of y.
2, 5
Let r = -4 + 6. Let f(w) = w**3 - w**2 + 2*w - 1. List the prime factors of f(r).
7
Suppose -4*a + 471 = -q, 0*a - 3*a + 2*q + 352 = 0. What are the prime factors of a?
2, 59
Let f be (-19)/(-7) + 6/21. Suppose t - 4*t - 21 = -u, -2*u - f*t = -6. Suppose 0*x = -x + u. List the prime factors of x.
3
Suppose 3*t - 5*w = -16, 5*w - 10 = -3*t + 24. Suppose -3*q - 11 = 5*h, -t*q - h = q - 8. What are the prime factors of q?
3
Suppose 3*u - 6*u = -15, 4*a = -2*u + 22. List the prime factors of (-18)/(-4)*6 + a.
2, 3, 5
Let h(r) = r**2 + 5*r + 2. Let o be h(-5). Suppose 3*q = -o*q. Suppose 2*v - 4*v + 34 = q. What are the prime factors of v?
17
Let o be (0 - (1 - 37)) + -2. Let a = o + -1. What are the prime factors of a?
3, 11
Let x(o) be the third derivative of -o**5/60 - o**4/3 + 2*o**3/3 - 3*o**2. What are the prime factors of x(-6)?
2
Suppose -2*g = 5*i - 246, -3*g = 2*i - 2*g - 99. Suppose i = 3*j - 0*j. List the prime factors of j.
2
Let r be 138/7 + 4/14. Suppose -y - 3 = -r. What are the prime factors of y?
17
Let n = -108 - -179. List the prime factors of n.
71
Let d(m) be the second derivative of m**4/24 + 8*m**3/3 - m**2/2 + 3*m. Let p(b) be the first derivative of d(b). List the prime factors of p(-7).
3
Let i(y) = -y**3 - 7*y**2 - 4*y - 7. Let u be i(-5). Let s = -8 - u. List the prime factors of s.
29
Let a be 1/(196/(-64) - -3). Let z be 4/(-6) + (-28)/3. Let q = z - a. What are the prime factors of q?
2, 3
Let g(q) = 2*q**2 - 8*q - 11. Let r(m) = -m**2 + 4*m + 6. Let w(z) = -3*g(z) - 7*r(z). What are the prime factors of w(8)?
23
Suppose -5*p + 655 = 5*x, -265 + 15 = -2*x + p. What are the prime factors of x?
127
Let o(u) = -12*u**2 - 4*u - 1. Let y(s) = 11*s**2 + 3*s + 1. Let l(w) = 3*o(w) + 4*y(w). What are the prime factors of l(1)?
3
Let l = -87 - -150. What are the prime factors of l?
3, 7
Let q be (-2)/((-1)/3*-2). Let p be 6/(-18) + (-7)/q. Suppose x + 33 = 4*r, -r + 6*r = -p*x + 51. What are the prime factors of r?
3
Let v(l) = 43*l - 4. List the prime factors of v(3).
5
List the prime factors of (-18)/(-12) - (-30)/4.
3
Let r = 28 - -36. Suppose -4*c + r + 92 = 0. What are the prime factors of c?
3, 13
List the prime factors of 199*(-4 - -3)*-1.
199
Suppose 3*o = 3*p - 582, -3*p + 14*o + 578 = 9*o. What are the prime factors of p?
2, 7
Let o be 3/((-9)/4)*-3. Let f(n) = -n + n**2 + 0*n + 7*n**3 + o - 3. What are the prime factors of f(1)?
2
Let w(a) = 27*a**2. Suppose 0 = 4*x + 5*f - 9, -5*x + x + 3*f + 1 = 0. Let m be w(x). Suppose -3 - m = -5*h. What are the prime factors of h?
2, 3
Let u(w) = w**2 - 7. Suppose 5*h + c = 26, 5*c - 8 = -5*h + 22. What are the prime factors of u(h)?
2, 3
Let s(d) = -d**2 + 21*d - 13. What are the prime factors of s(14)?
5, 17
Suppose 0*x - 20 = -4*x. Let f(u) = -28*u + 1. Let k be f(-2). Suppose -k = -x*r - d, -4*r + 43 = -3*d - 14. List the prime factors of r.
2, 3
Suppose 2*u - 75 - 89 = 0. What are the prime factors of u?
2, 41
Let n(i) = 36*i**2 - 1. Suppose 0*y - 1 = -x - 2*y, -x = 5*y - 4. Let v be n(x). Suppose 28 + v = 3*d. What are the prime factors of d?
3, 7
Let x(u) = 0*u**2 + u**2 + 0*u**2 - 5 + 0. Suppose y - 16 = -3*y. List the prime factors of x(y).
11
Let a be 2/(-4)*-2*-3. Let y = a + 7. List the prime factors of y.
2
Let u be 2/(-1)*1 - -2. Suppose 8*g - 3*g - 20 = u. Suppose 3*l + 12 = r, -2*r - 4*l - 2 - g = 0. What are the prime factors of r?
3
Let x(u) = -6*u**2 + 5*u. Let y be x(-4). What are the prime factors of 2/4*y/(-2)?
29
Suppose 0 = 3*y - 3, -i + 2*i - 4*y + 4 = 0. Suppose 10 = 3*u - 11. Let t = u + i. What are the prime factors of t?
7
Suppose x - 2*z - 8 = 2*z, 0 = -5*z. Let i be (-93)/(-5) - x/(-20). Suppose 0 = t - 3, -l = 3*l + t - i. List the prime factors of l.
2
Let w(g) be the third derivative of -1/120*g**6 + 1/6*g**3 + 0 + 1/24*g**4 - g**2 + 1/60*g**5 + 0*g. List the prime factors of w(-1).
2
Let h(r) be the second derivative of -r**5/20 - r**4/3 + r**3/2 - r**2/2 + 3*r. Suppose 34 - 9 = -5*v. List the prime factors of h(v).
3
Suppose -3*v + v + 42 = 0. What are the prime factors of v?
3, 7
Suppose 0 = -2*m - 57 - 11. Let n = m - -54. What are the prime factors of n?
2, 5
Suppose 2*v - r - 1 = -0*v, 2*v - 4*r = 16. Let s(b) = -3*b**3 - 2*b**2 - 2*b + 1. What are the prime factors of s(v)?
3, 7
Suppose -4*v - 5*n - 353 + 989 = 0, -2*v + 300 = -2*n. List the prime factors of v.
2, 7, 11
Let d = -6 - -17. List the prime factors of d.
11
Let z be 10/(-4)*(-6)/5. Let a = z - 2. Suppose 2*p = 5 - a. What are the prime factors of p?
2
Let z(j) = -j**3 - 8*j**2 + 8*j - 4. Let k be z(-9). Let v be (2/k)/((-2)/20). Let t(g) = -g**2 - 6*g - 3. List the prime factors of t(v).
5
Suppose 2*w + 42 = 4*t, -3*w = -0*w - 3. Suppose -1 + 17 = 4*v. Let r = v + t. What are the prime factors of r?
3, 5
Let s = -60 - -125. Let d = s - 40. List the prime factors of d.
5
Let b = -650 - -978. What are the prime factors of b?
2, 41
Let r be 2/5 - 6/(-10). Let o = r + 7. Suppose -5*l + l = -o. What are the prime factors of l?
2
Suppose -2*z = 2*z. Let o = 2 - z. List the prime factors of o.
2
Suppose 0 = 4*k - 23 - 1. Suppose -5*s - r + k = 0, s - r + 5*r = -14. Suppose -s*i - 52 = -6*i. List the prime factors of i.
13
Let z = 61 - 42. List the prime factors of z.
19
Suppose 3*l - 189 + 48 = 0. List the prime factors of l.
47
Let w(y) = y - 3. Let c be ((-12)/9)/((-4)/(-54)). Let p = c + 29. What are the prime factors of w(p)?
2
Suppose -11*n + 14*n - 306 = 0. List the prime factors of n.
2, 3, 17
Let n(q) = -q - 16. List the prime factors of n(-22).
2, 3
Let h = -47 + 100. What are the prime factors of h?
53
What are the prime factors of 8*-22*(-2)/8?
2, 11
Suppose 4*u = -k + 59, 6*u = u + 25. List the prime factors of k.
3, 13
Let b = -10 - -34. List the prime factors of b.
2, 3
Suppose 9*m = 4*m - 60. Suppose -9 = 3*x - 3*f, 5*f - f = 2*x + 10. Let o = x - m. What are the prime factors of o?
11
Suppose -9*f + 20 = -4*f. Suppose 0 = -f*t + 2*j + 178, 3*t - 4*j = 43 + 93. List the prime factors of t.
2, 11
Suppose -2*f = -n - 2*n - 277, -727 = -5*f - 4*n. What are the prime factors of f?
11, 13
What are the prime factors of (0 - 276/10)/(2/(-25))?
3, 5, 23
What are the prime factors of -1 - 1/(129/66 + -2)?
3, 7
Let j = -16 - -6. Let h be 21/j*-2*5. Suppose 32 = 2*k - 3*q, k + 0*k - 4*q - h = 0. List the prime factors of k.
13
Let i be (5 + -7)*(-70)/4. Suppose 0 = -4*u + 2*v + 7 + 23, -5*v + i = u. What are the prime factors of u?
2, 5
Suppose 4*a - 22 = 2. What are the prime factors of (-18)/(-2)*a/18?
3
Let d be (-1)/4 - (-75)/12. Let l(u) = u**2 - 6*u + 1. Let y be l(d). Suppose -3*x - y = -0*x + 2*j, 3*x - 19 = 2*j. What are the prime factors of x?
3
Let v = 2 - -5. Let q(w) = w**2 - 3*w - 7. Let o be q(v). Suppose -3*u = -0*u - o. What are the prime factors of u?
7
Let f = 18 - 7. What are the prime factors of f?
11
Let z(w) = 2*w**2 - 8*w + 5. Let m be z(6). Suppose 0 = -5*a + 26 + m. What are the prime factors of (a/4)/(4/16)?
11
What are the prime fa